-32*p - 122. Let d be t(-23). Let h be (-2 - 0)/(-8) - d/(-8). Calculate the highest common factor of 33 and h.
11
Let u(a) = 3*a**2 - 17*a - 35. Let f be u(8). Suppose -7 = s + 9. Let p = f + s. What is the greatest common factor of 50 and p?
5
Suppose 4*h - v - 684 = 0, 348 = 2*h - 4*v + 2*v. Let w be (-10)/35 - 2955/21. Let g = w + 151. What is the greatest common divisor of h and g?
10
Suppose -13*p + 1566 = -3*p + 19*p. What is the highest common divisor of 3258 and p?
18
Let x(g) = -118*g + 75. Suppose 4 + 21 = -5*j + 5*u, 0 = 4*j + 3*u + 6. Let a be x(j). Calculate the greatest common factor of 33 and a.
33
Let t be (-147 - 0)/(3/6). Let x = -147 - t. Suppose 160*r + 86 - 3446 = 0. What is the highest common factor of r and x?
21
Let r be (-1300)/((-459)/102 - 7/(-2)). Calculate the greatest common divisor of r and 100.
100
Suppose -110*c + 1344 = -104*c. Let x = -204 + c. Calculate the greatest common divisor of x and 70.
10
Suppose 140832 = 7*c + 47*c. What is the highest common divisor of 16 and c?
16
Suppose 5*k - 10 = 5*a - 0*a, 0 = -k + 3*a + 2. Suppose -m = -k*o - 112, -4*m - 4*o = -7*m + 338. Calculate the greatest common factor of m and 152.
38
Let o = -492 + 491. Let q(t) = -21*t**3 - t**2 - t - 1. Let h be q(o). Calculate the greatest common factor of h and 500.
20
Suppose 2*g = -u + 674, -g - u = -307 - 31. Calculate the greatest common factor of 14 and g.
14
Suppose -6 - 477 = -23*o. Suppose k - 2*k = 5*a + 22, a = k - 8. Suppose k*w - 2*w = 14. What is the highest common factor of w and o?
7
Let p(d) = d - 3. Let m be p(4). Suppose 0 = -269*w + 268*w + 18. What is the highest common factor of w and m?
1
Let q(f) = -30*f - 7. Let x = -22 - -24. Suppose -2*g - x = 8. Let h be q(g). What is the greatest common factor of h and 13?
13
Let w be (3/(-2))/((-24)/80). Suppose 3*g - w*g = -32. What is the highest common factor of g and 112?
16
Let v = -14223 - -17182. What is the highest common factor of 11 and v?
11
Suppose -1241 = -z + 11*c, 0 = -133*z + 137*z - 2*c - 4754. Calculate the greatest common divisor of 2 and z.
2
Suppose 4*g = -25*g - 174. Let c(y) = 4*y + 68. Let l be c(g). What is the greatest common divisor of 33 and l?
11
Suppose 14*b + 110 = 19*b. Suppose 30*x - b*x = 128. What is the greatest common factor of x and 16?
16
Suppose -17*s + 895 = -16*s - 5*w, 0 = -3*s - 4*w + 2704. Calculate the greatest common factor of s and 140.
20
Let j be (-534)/(-4) - (1 + 15/(-10)). Suppose -136*x = -j*x + 6. Let r be (x/((-9)/6))/(8/92). Calculate the highest common divisor of r and 23.
23
Let h(v) = 67*v**2 - 43*v + 134. Let o be h(3). Calculate the highest common factor of o and 1672.
152
Let y = -734135 - -734345. Let f(g) = -89*g - 3. Let v be f(-2). Calculate the greatest common factor of v and y.
35
Let d be 30/(-9)*-6 - (4 + -3 + -3). What is the highest common divisor of d and 4334?
22
Suppose 0 = 5*b - n - 409, -2*b - n + 79 = -72. Let g be 441 - -2 - 9/3. Calculate the highest common divisor of g and b.
40
Let r(l) = -2*l**3 - 13*l**2 + 3*l + 4. Let w be r(-6). Let v = w - -101. What is the greatest common divisor of v and 459?
51
Suppose 3619 = 10*o + 3099. What is the highest common factor of o and 1222?
26
Let b = -3500 - -3504. Calculate the highest common divisor of 73 and b.
1
Let o(k) = -20*k**2 - k - 1. Suppose 23*z - 2 = 25*z. Let a be o(z). Let i be (-8816)/a - (-1)/5. Calculate the greatest common factor of 49 and i.
49
Let d(g) = -g**3 - 5*g**2 + 3*g - 12. Let a be d(-6). Suppose -420 = -a*z - 0*z. Calculate the highest common factor of z and 70.
70
Let m be (-50 - 1)/(14/(-56)*4). Let h be (-373)/(-2) + (-7)/(-14). Calculate the highest common divisor of h and m.
17
Let r be -1 - -5 - (-512 + -15). Calculate the greatest common factor of r and 295.
59
Suppose -d - 24 = -5*u + 93, 15 = 5*d. Suppose -37*t + 4914 = -u*t. What is the greatest common divisor of t and 14?
14
Suppose 2*k - 2*p - 5 = -1, 11 = 3*k + 2*p. Suppose -63*c + 536 - 32 = 0. Let t be 10/(-15)*(-30 + 4 + c). Calculate the highest common factor of t and k.
3
Let q = 77 - -1093. What is the greatest common factor of 3250 and q?
130
Let w = 445 - 441. Suppose m + 0*q + q = 78, 3*q - 309 = -w*m. What is the greatest common factor of 300 and m?
75
Let h(t) = -1100*t + 9994. Let y be h(7). What is the highest common factor of 407 and y?
37
Let h be (2/(-3))/((-6 - -5)/279). Let s = -120 + h. What is the greatest common factor of s and 231?
33
Let y be (-70578)/(-648) - (((-2156)/48)/11 - -4). What is the highest common divisor of y and 6649?
109
Let f(p) = -31*p - 13. Let u(h) = 20*h + 8. Let b(y) = -5*f(y) - 7*u(y). Let m be b(1). Calculate the highest common factor of m and 24.
24
Suppose t = 0, 4*s + 0*s + 5*t - 4262 = 858. What is the highest common divisor of s and 120?
40
Let i = -69 - -74. Let j be (-1 - 0)/(i/(3 - 18)). Suppose -125*x + j = -124*x. Calculate the greatest common factor of 7 and x.
1
Let i = -9229 - -9265. Calculate the highest common divisor of 198 and i.
18
Let k be (-8)/28 - 548/(-7). Let s(j) = -j**2 + 63*j + 55. Let c be s(14). Calculate the highest common factor of c and k.
39
Let d be 162/(-378) + (-1753)/(-7). Let j = d + -206. Calculate the greatest common factor of 33 and j.
11
Let q be (19/4 + 0)*20 + 4. Let r = -91 + q. What is the highest common factor of 28 and r?
4
Let m = -128 + 131. Let f be 105 + (m + -4 + 7)/2. What is the highest common divisor of f and 18?
18
Suppose r + u = -4*r + 860, 0 = -2*r + 5*u + 371. Let i = 87 + r. What is the greatest common divisor of i and 52?
52
Let w(o) = -o**3 - 62*o**2 - 39*o - 767. Let d be w(-62). What is the highest common divisor of d and 508?
127
Suppose -3*l = a - 15, 4*l = -a + 5*a + 36. Let p(x) = 2*x**2 - 12*x + 18. Let j be p(4). Calculate the greatest common factor of j and l.
2
Suppose -5*i - 36 + 11 = 0. Let q(b) = -b**2 - 6*b + 5. Let a be q(i). Suppose -4590 = -117*l + 3600. Calculate the highest common factor of l and a.
10
Let c(m) = -29*m + 60. Let h be c(2). Suppose -27 = h*z - 3*z. Let g = -251 - -548. Calculate the greatest common factor of g and z.
27
Suppose -d - 26 = -10. Let l(a) = -8*a - 24. Let i be l(d). Let j = 105 - i. Calculate the greatest common factor of j and 14.
1
Let v(s) = 76*s - 974. Let o be v(14). Calculate the highest common factor of 13590 and o.
90
Suppose 129*s + 239*s - 675136 = 144*s. Calculate the greatest common divisor of 143 and s.
11
Suppose -q - 24*t + 29*t + 21 = 0, 3*q - 50 = 2*t. What is the greatest common divisor of q and 202?
2
Suppose 41*w + 12*w - 8113 = -8*w. What is the greatest common divisor of w and 247?
19
Suppose -o + 2*n + 7634 = 0, -5*o + 7*n = 2*n - 38195. What is the greatest common factor of 156 and o?
156
Suppose 15*z - 640 = -20*z + 27*z. Calculate the greatest common factor of z and 1744.
16
Let j(o) = -82*o - 197. Let g be j(-8). Let s = g - 435. Calculate the greatest common factor of 384 and s.
24
Let i = 9331 - 9261. Calculate the greatest common divisor of 1428 and i.
14
Let n be 1 + 0 + 10*4. Let m be (-7)/(-21)*6 + 8. Let p be 455 + -5*8/m. Calculate the highest common factor of n and p.
41
Suppose -6211 = -67247*v + 67045*v - 151. Let t = 216 + -111. Calculate the greatest common divisor of v and t.
15
Let c = 31 + 0. Let u(y) = -2*y**3 - 13*y**2 - 4*y - 1. Let q be u(-6). Let m = q + c. Calculate the highest common divisor of m and 27.
9
Let x(g) = -g + 7. Let a be x(6). Suppose 3*y - j = 43, 0 = -2*y + 4*j - 8 + 20. What is the highest common factor of a and y?
1
Let r = -14 + 47. Let x(k) = -k - 4. Let t be x(-9). Suppose 3*n - 2*b - 13 - 16 = 0, -51 = -t*n + 2*b. What is the greatest common factor of r and n?
11
Let r be (-15)/(-20) + 84/16. Suppose 5*l + r = 121. What is the highest common divisor of 69 and l?
23
Suppose 11*o + 157*o = -117*o + 2565. What is the highest common factor of 11709 and o?
9
Let t(f) = -330*f**2 + 6*f + 4. Let u be t(-1). Let g = -185 - u. Calculate the greatest common divisor of 21 and g.
21
Suppose 37*z + 30 = 42*z. Let j be (-2)/(-12) + 23/6. Let q be 1/(-1 - (-6)/j). What is the highest common divisor of z and q?
2
Suppose 37*t - 28*t = 360. Suppose 0 = -4*m + 52 - t. Suppose m*q = -27 + 51. Calculate the highest common divisor of 112 and q.
8
